 factor of 136 and f?
8
Suppose 5*q = -4*a + 4879, 0 = 2*q - 2 - 4. Suppose -3*k = k - a. What is the greatest common divisor of 16 and k?
16
Let s = -14975 + 26843. Calculate the highest common divisor of 69 and s.
69
Let g(k) = 19*k - 10. Let f = -73 - -71. Let j(d) = 3*d**2 - 4*d - 6. Let y be j(f). Let s be g(y). Calculate the highest common factor of 32 and s.
32
Suppose -2*d = 10*d + 1560. Let q = d - -157. Suppose 0 = 3*c - 17 - 64. Calculate the highest common factor of c and q.
27
Let a be 1*(-216840)/(-84) + 3/(-7). What is the highest common divisor of 261 and a?
29
Suppose -4*f + 6384 = -2*s - 3450, 3*f - 2*s - 7378 = 0. What is the highest common factor of f and 8?
8
Let o be 74/8 - (-2)/(-8). Suppose 4*u - 2*q = 0, 4*u = 5*u - 4*q + 14. Let b be (-1)/u - 110/(-60)*15. What is the highest common divisor of o and b?
9
Let x be (-3 - 12/(-8))/((-3)/44). Suppose 0 = x*k - 41 - 245. Let a(h) = 2*h**2 - h + 7. Let q be a(5). Calculate the highest common divisor of k and q.
13
Let c(s) = 45 - 64 - 25 - 4*s - 56. Let h be c(-30). What is the highest common divisor of 540 and h?
20
Let t(y) = -62*y + 6708. Let l be t(106). Calculate the greatest common divisor of l and 200.
8
Let m(s) be the third derivative of -s**4/24 + 14*s**3/3 + 37*s**2. Let v be m(21). Suppose 10*q - 9 = v*q. Calculate the highest common divisor of 27 and q.
3
Suppose 0 = 2*x + 5*o - 104 + 30, -4*x + 176 = 3*o. Let h be ((-64296)/(-2052))/((-2)/(-24)). Calculate the highest common factor of h and x.
47
Suppose 5*l + 4 = -5*c - 6, -8 = -l + c. Let w = -59 + 32. Let t be (((-16)/l)/8)/(2/w). What is the highest common divisor of 36 and t?
9
Let f(g) = 7*g + 12. Let r be f(19). Calculate the highest common divisor of r and 493.
29
Suppose -2*c = -j - 1293, -3*j - 65 = -3*c + 1867. Let u(o) = o**3 - 18*o**2 + 2*o - 25. Let y be u(18). What is the highest common divisor of c and y?
11
Let z be 2*7652/40 + (-10)/(-25). Let s = z - 378. What is the greatest common divisor of s and 155?
5
Suppose -5*r + 81 = 6. Let i = -235018 - -235048. Calculate the highest common divisor of r and i.
15
Let b be 4/(-5)*3*380/(-114). Suppose 2*p - 26 = -4*h, -b = -p - 3*h + 6*h. Calculate the highest common factor of 11 and p.
11
Suppose 2*j = 3*l + 469, -8*j + 4*l = -4*j - 936. Let x = -170 + j. Calculate the highest common factor of x and 18.
9
Let z be 24/(-132) + 2/11. Suppose z = 6*s - 5*s - 7. Suppose 5*j - 150 = -3*m, -s*m + 36 = -6*m - 3*j. What is the highest common factor of m and 5?
5
Let c(w) = -11*w - 29. Let g be c(-7). Let s be (g/(-28))/((-8)/140). Suppose 134*m = 136*m - s. Calculate the highest common factor of m and 9.
3
Suppose h - 2243 = -5*r, -5*h - 443 + 10 = -r. What is the highest common divisor of r and 42?
14
Suppose -2*f + 4 = -0*f. Suppose -5*t = -5*p + f*p - 8, 2*t + 5*p = 28. Let j(k) = -5*k - 65. Let b be j(-17). Calculate the greatest common divisor of b and t.
4
Let j be (3/(3/2))/(4/18). Let r be -4*-9*j/108. Calculate the highest common divisor of r and 48.
3
Let o be 226/8 - 3/12. Suppose -2*t + 928 = b, -b + 7*t = 10*t - 930. What is the greatest common factor of b and o?
28
Suppose -3748*q - 4212 = -3856*q. What is the greatest common factor of q and 7397?
13
Let o(i) = -35*i - 13*i - 12 + 23 - 27*i. Let l be o(9). Let f be l/(-32) - (0 + (-1)/4). Calculate the highest common divisor of 42 and f.
21
Suppose -11 = 10*i - 21*i. Calculate the highest common divisor of i and 27.
1
Let a be 464/6*(-8 - 8305/(-44)). Calculate the highest common divisor of 29 and a.
29
Let z = 2635 + -2562. What is the greatest common divisor of 9271 and z?
73
Suppose f - 3*q = -0*q, 0 = -3*f + 2*q + 7. Suppose -d + 2*k = -f*k + 21, 4*d - 26 = -2*k. Calculate the highest common factor of 4 and d.
4
Let b be (9/6)/((-1)/(-2)). Suppose -3*j - j - 3*w = -123, b*j - 3*w = 87. Suppose -538 = 51*l - 3088. Calculate the highest common divisor of j and l.
10
Suppose 9*q - q = 288. Let m be 1/(1 - 33/q). Let z be 15/(-5)*(-80)/m. Calculate the greatest common divisor of 100 and z.
20
Suppose 3*p - 373 - 173 = 0. Let u be (-17 + 21)*(p - 0). Suppose 0 = -8*l + l + u. Calculate the highest common divisor of 13 and l.
13
Let g(s) = 5*s**3 + 8. Let x be g(0). Let w be x/60 + (-616)/(-105). Let o = 7 + 2. Calculate the highest common factor of w and o.
3
Suppose 3*w - 1037 = -3*c - 977, 24 = -3*w. Calculate the greatest common factor of c and 1444.
4
Let m = -547 - -781. Suppose 51*h + m = 60*h. Let d = -1 - -14. What is the highest common factor of h and d?
13
Let g be -1 + -4 + 8/(-14) + 2460/140. Calculate the greatest common divisor of g and 246.
6
Let d = -428 - -638. Let o = -125 + d. Calculate the greatest common divisor of o and 68.
17
Let u = -417 + 414. Let d be (228/(-15))/((-42)/(-15) + u). What is the greatest common divisor of d and 38?
38
Let y be ((-7)/(-3))/(3/54*6). Let f(d) = 2*d**3 - 14*d**2 + d + 12. Let t be f(y). Calculate the highest common factor of t and 95.
19
Suppose -z - 5*r = -7*r - 21, 4*z - 72 = 2*r. Suppose 29*c - 28*c = 17. Calculate the highest common divisor of c and z.
17
Let r(k) = -10*k + 82. Let u be r(8). Suppose -3*t - 630 = -u*m - 217, -4*m - t + 819 = 0. What is the greatest common factor of m and 15?
5
Let b = -7202 + 7216. Let n(h) be the first derivative of -3*h**4/4 + 2*h**3/3 + h**2 - 1. Let s be n(-2). What is the greatest common divisor of s and b?
14
Suppose 0 = 3*n - n - 1122. Suppose -293 + 4909 = -1216*j + 12241 + 13047. What is the greatest common factor of n and j?
17
Let p(r) = -3*r**3 + 6*r**2 + 2*r + 3. Let j be p(-6). Let t = 228 - 219. What is the highest common factor of j and t?
9
Suppose -35*g - 1620 = -95*g. Calculate the highest common factor of 7479 and g.
27
Suppose f + 5*q = 68, -f + 2*q - 5*q + 60 = 0. Suppose 56*u - 52*u - f = 0. What is the greatest common divisor of u and 78?
6
Let l(c) = 29*c**2 + 504*c - 260. Let r be l(34). Calculate the greatest common factor of r and 175.
175
Suppose 4*o = 0, -5*s - 12*o + 20 = -8*o. Suppose -55 + 455 = s*g. Suppose 4*f - 5*f + 10 = 0. What is the highest common divisor of f and g?
10
Let v be 2/(6/(-3))*(-9 - -2). Suppose 2*f = -4*d + 604, 12*d = 3*f + v*d - 950. Calculate the greatest common divisor of f and 62.
62
Let w = 475 - 435. Suppose -3*d + w = -29. What is the greatest common divisor of d and 4?
1
Let i = 115 - 83. Let f be 24/16*5/(30/i). Suppose 18 = 3*q + 2*a, -5*a = -2*q - f + 1. What is the greatest common divisor of q and 44?
4
Let o be (-3249)/(-7) - ((-152)/(-133))/8. Calculate the greatest common divisor of o and 64.
16
Suppose 64*k - 67*k = -288. Suppose -c = -5*m - 12, -5*m = -2*c - 2*m - 4. Let d = c - -20. Calculate the highest common factor of d and k.
12
Let b be 1/((-1 - 0)/(1 + -6)). Let v = 9 - b. Suppose -v*j = -3*c + 1576, -j + 563 = -2*c + 1617. What is the highest common factor of 48 and c?
48
Suppose 2*a = 8, -1590 = -4*y - 5*a - 342. Let v = -264 + y. Calculate the highest common factor of 516 and v.
43
Let j(n) = n**3 - 4*n**2 + 2*n - 5. Let a be j(6). Suppose 13*l = 12 + a. What is the greatest common divisor of l and 189?
7
Suppose -5*f = -10, -d + 60 = -2*d - 2*f. Let t be (-4 + d/(-20))/((-1)/(-5)). Let y be 2 + (-53)/t + (-8)/32. Calculate the greatest common factor of 75 and y.
15
Suppose -57100 = -331*g + 90*g + 59544. Let a = -12 - -56. What is the greatest common divisor of a and g?
44
Suppose 5*b = -5*w + 15, 0 = 4*b + 3*w + 2 - 15. Suppose 0 = b*f - 5*v - 303, -4*f = 2*v - 167 - 115. Calculate the greatest common factor of 54 and f.
18
Let t = -1038 + 1829. Suppose -t*r - 676 = -792*r. Calculate the greatest common factor of r and 4.
4
Let t(w) = -w**3 + 78*w**2 - 339*w + 123. Let l be t(73). Calculate the greatest common divisor of 47 and l.
47
Suppose 3*u + 6*y = 4*y + 307, 3*y = -12. What is the highest common divisor of u and 240?
15
Let f(j) = j**3 + 6*j**2 + 4*j + 4. Let i be f(-5). Let b be 672/i*396/77. What is the greatest common factor of b and 48?
48
Let r(k) = -31*k - 36 + 96 + 8*k + 17*k - k**3 + 8*k**2. Let a be r(8). What is the greatest common factor of a and 40?
4
Let b = -712 + 2376. Calculate the highest common divisor of b and 128.
128
Suppose -188*h = -179*h - 576. Suppose -4*a - 2*p = -h, -7*p = -3*p + 8.